1473 a composite number?
True
Is 6816011 a composite number?
False
Is 52839109 a prime number?
True
Is 4498969 a composite number?
True
Is 200977057 composite?
False
Is 8397799 composite?
True
Is 40176307 prime?
True
Is 7465967 a prime number?
False
Is 7894547 a composite number?
False
Is 10716523 composite?
True
Is 14860697 a composite number?
False
Is 138800269 a composite number?
True
Is 67471171 a composite number?
True
Is 150204949 a prime number?
False
Is 14837387 composite?
False
Is 2360389 prime?
False
Is 649909893 a prime number?
False
Is 18264449 a prime number?
False
Is 12651491 a prime number?
True
Is 16216043 composite?
True
Is 16156923 a prime number?
False
Is 90131837 prime?
False
Is 8836469 a prime number?
False
Is 23458713 prime?
False
Is 2885837 prime?
True
Is 22652407 prime?
True
Is 13131959 a composite number?
False
Is 450557 a prime number?
True
Is 1053179 prime?
True
Is 50756369 composite?
False
Is 2398234 a prime number?
False
Is 5356591 a prime number?
False
Is 943084433 prime?
False
Is 97340783 a composite number?
False
Is 72393383 a composite number?
False
Is 155951 a composite number?
True
Is 131299221 composite?
True
Is 162651851 a prime number?
False
Is 4455601 a composite number?
True
Is 44992349 a prime number?
True
Is 227870557 a prime number?
False
Is 480797 a composite number?
True
Is 136929533 prime?
False
Is 1557841 prime?
False
Is 11062099 prime?
True
Is 9946873 a prime number?
True
Is 4764547 a composite number?
False
Is 10972447 prime?
False
Is 1009727 prime?
True
Is 214003 a composite number?
False
Is 45967741 a prime number?
False
Is 5768957 prime?
True
Is 7724909 a composite number?
True
Is 149995661 prime?
False
Is 82987519 a prime number?
False
Is 50252627 a composite number?
False
Is 562730689 a prime number?
True
Is 59760691 a composite number?
False
Is 596341 prime?
True
Is 144904789 a prime number?
True
Is 112249223 a composite number?
True
Is 43479943 prime?
False
Is 93877 prime?
False
Is 3037903 prime?
False
Is 2168519 a prime number?
True
Is 1332191 composite?
True
Is 72301 prime?
False
Is 2648879 a composite number?
False
Is 478714 a prime number?
False
Is 20687839 a composite number?
False
Is 537470633 prime?
False
Is 3372359 prime?
False
Is 3716393 prime?
True
Is 1855339 composite?
True
Is 4367003 a composite number?
True
Is 8597179 a prime number?
True
Is 13141915 a composite number?
True
Is 8115235 a composite number?
True
Is 247511 a prime number?
False
Is 66663791 a composite number?
True
Is 13919069 a prime number?
True
Is 325823 composite?
True
Is 46496111 composite?
False
Is 1608667 prime?
True
Is 193325443 a composite number?
True
Is 69282403 prime?
False
Is 76881383 prime?
True
Is 8013023 prime?
False
Is 111934367 composite?
False
Is 95758211 prime?
True
Is 3237755 a composite number?
True
Is 27900533 a prime number?
False
Is 8228215 a prime number?
False
Is 3357349 composite?
False
Is 12950681 prime?
True
Is 1116235421 composite?
True
Is 275640433 prime?
True
Is 22972061 prime?
False
Is 621086173 a prime number?
True
Is 271759 a composite number?
True
Is 4542997 a composite number?
True
Is 27769405 a composite number?
True
Is 217665611 a composite number?
True
Is 4507355 a composite number?
True
Is 232309537 a prime number?
True
Is 1423897 prime?
True
Is 9134063 a prime number?
True
Is 897717 a composite number?
True
Is 4919323 prime?
True
Is 3385241 a prime number?
False
Is 47992079 prime?
True
Is 2426315 prime?
False
Is 282737099 composite?
True
Is 39961851 a prime number?
False
Is 486739 a composite number?
True
Is 22164227 composite?
False
Is 1810931 a prime number?
True
Is 2388385 prime?
False
Is 24126707 composite?
True
Is 78306553 a composite number?
True
Is 29618429 a prime number?
False
Is 47285261 prime?
False
Is 365969 composite?
False
Is 51780877 composite?
True
Is 228583 prime?
False
Is 88167785 a composite number?
True
Is 22214189 a composite number?
True
Is 82751567 prime?
True
Is 14398429 a prime number?
False
Is 635939 a prime number?
True
Is 280121861 a prime number?
True
Is 13005367 composite?
True
Is 5893487 a prime number?
False
Is 73305851 composite?
True
Is 3465185 prime?
False
Is 30421901 composite?
False
Is 6068473 prime?
False
Is 346239947 composite?
True
Is 100931317 a prime number?
True
Is 3317347 a prime number?
False
Is 19888243 a prime number?
True
Is 459596401 composite?
True
Is 175026535 a prime number?
False
Is 15180551 a composite number?
False
Is 45327413 a composite number?
False
Is 2528221 prime?
True
Is 1807433 a composite number?
True
Is 241517 a composite number?
False
Is 99461147 prime?
True
Is 21447971 a prime number?
True
Is 1584827 prime?
True
Is 2707358 a prime number?
False
Is 17394787 a prime number?
False
Is 102278173 composite?
False
Is 29995451 prime?
True
Is 8679551 composite?
False
Is 199064479 composite?
False
Is 106836877 a prime number?
False
Is 33087947 composite?
False
Is 1291837 composite?
True
Is 1286773 a prime number?
True
Is 8080027 prime?
True
Is 1244857 composite?
False
Is 104629387 composite?
False
Is 60804217 prime?
True
Is 1249169 a composite number?
True
Is 4175867 a composite number?
False
Is 270057839 prime?
True
Is 91257953 composite?
True
Is 1158169 a composite number?
True
Is 115816843 prime?
True
Is 26636569 a composite number?
True
Is 141857081 a prime number?
True
Is 144499757 a prime number?
True
Is 227593 a prime number?
True
Is 96521177 a prime number?
False
Is 25263991 a prime number?
True
Is 3301557647 a composite number?
False
Is 1925993 composite?
False
Is 47539411 a prime number?
False
Is 3328565 composite?
True
Is 11391293 prime?
True
Is 90146569 composite?
False
Is 3132739 a composite number?
True
Is 3015281 a prime number?
False
Is 81488293 composite?
True
Is 100902677 a prime number?
True
Is 1775449 composite?
True
Is 2181373 a composite number?
False
Is 6027221 prime?
True
Is 138258251 composite?
False
Is 4249891 composite?
True
Is 1537771 composite?
False
Is 3188054 a composite number?
True
Is 2146951 composite?
True
Is 563891243 a composite number?
False
Is 15853237 prime?
True
Is 856301 composite?
False
Is 1527953 a prime number?
False
Is 89612441 composite?
True
Is 6089053 prime?
False
Is 31138963 prime?
True
Is 920573 composite?
True
Is 227687 a composite number?
True
Is 15547201 composite?
True
Is 24458179 composite?
True
Is 13057657 a prime number?
True
Is 5640917 a prime number?
True
Is 28231387 composite?
False
Is 432460409 composite?
False
Is 2147467 prime?
False
Is 438301 a prime number?
True
Is 5661139 a prime number?
False
Is 8120363 a prime number?
True
Is 1835387 composite?
True
Is 90740651 composite?
False
Is 95734601 composite?
True
Is 746340461 composite?
False
Is 1937587 composite?
False
Is 33020665 prime?
False
Is 2986315 composite?
True
Is 29714093 prime?
False
Is 6660673 composite?
True
Is 16773199 a prime number?
True
Is 1235423 prime?
False
Is 471001901 a prime number?
True
Is 2759033 prime?
False
Is 18682519 prime?
False
Is 737309 a prime number?
True
Is 14312843 prime?
True
Is 10749499 a composite number?
True
Is 7265081 a prime number?
False
Is 1484347 composite?
False
Is 70409051 prime?
True
Is 118791083 prime?
True
Is 41556713 prime?
False
Is 18982169 a prime number?
True
Is 345973 a composite number?
True
Is 12435835 composite?
True
Is 142357 composite?
False
Is 33359881 a composite number?
False
Is 27713779 a composite number?
False
Is 62414311 a prime number?
True
Is 579179 composite?
False
Is 3176521 a composite number?
True
Is 886906 composite?
True
Is 131538347 a composite number?
False
Is 6949457 prime?
True
Is 57843881 composite?
True
Is 4627361 a composite number?
False
Is 62039 composite?
False
Is 73867994 a composite number?
True
Is 20992897 composite?
True
Is 224403499 prime?
False
Is 68808959 composite?
False
Is 58717921 prime?
False
Is 462131 composite?
False
Is 17736926 a prime number?
False
Is 3614443 prime?
False
Is 231288559 prime?
False
Is 243659335 composite?
True
Is 29510093 prime?
False
Is 24140737 a prime number?
True
Is 11228743 composite?
False
Is 1250841 a prime number?
False
Is 42769945 prime?
False
Is 637449979 prime?
False
Is 427159897 a prime number?
True
Is 5372477 a composite number?
True
Is 232860389 a composite number?
True
I